 s and 64.
4
Suppose -3*p + 19 = -47. Let z be (-6 + -1)*(0 + (6 - 8)). Let v = z + 74. Calculate the highest common factor of p and v.
22
Suppose -2*w = h + 136, 4*h = -4*w - 153 - 379. Let b = h - -166. Suppose -2*d + 49 = -167. Calculate the greatest common factor of d and b.
36
Suppose -11204 = -138*u + 10876. What is the greatest common divisor of u and 40?
40
Suppose -5*q = -2*p - 7, 0 = q + 2*q - 3*p + 3. Suppose 0 = 8*j - q - 29. What is the greatest common divisor of 16 and j?
4
Suppose -2*o - 2*c = -40, 2 = 2*o + 4*c - 32. Let d be o/((-115)/(-438)) + 6/(-10). Let y = -9 + d. Calculate the highest common factor of y and 6.
6
Let m = -68 + 76. Suppose 3 = w + b, 0 = 3*w + 14*b - 12*b - m. Calculate the greatest common factor of 28 and w.
2
Let p = 90 + -190. Let w be ((-2)/(-4))/(5/p). Let a = 34 + w. Calculate the highest common divisor of a and 16.
8
Suppose -713*j + 613*j = -65500. What is the highest common factor of j and 90?
5
Suppose -5*q = b - 5591, -2*q + 5606 = 58*b - 57*b. What is the highest common divisor of 104 and b?
104
Let x be 0 + 5 + (-115)/23. Suppose -3*t - 8*t + 187 = x. What is the highest common divisor of t and 187?
17
Let c = -40952 - -42203. Calculate the greatest common factor of 9 and c.
9
Let i be 1283/5 - (-8)/160*8. Suppose 6*k - 61 = i. What is the greatest common divisor of 53 and k?
53
Let d(t) = -4*t**3 - 47*t**2 + t + 24. Let n be d(-12). Let o = 1461 - 785. What is the greatest common factor of n and o?
52
Suppose 3*p - 8*p + 60 = 0. Let i(j) = -12 - j**2 + 3*j + 4*j + 7*j + 2*j + 4*j. Let r be i(p). Calculate the highest common factor of r and 14.
14
Let u(r) = 356*r**2 - 17*r + 17. Let m be u(1). Calculate the highest common divisor of 8 and m.
4
Let a be 3020/48 + 2/24. Let n = 40 + -19. Calculate the greatest common divisor of n and a.
21
Let f = 516 - 516. Suppose f = 13*s - 21 - 109. Calculate the greatest common factor of s and 70.
10
Let m(u) be the third derivative of u**4/12 + 13*u**3/3 + 39*u**2. Let c be m(-10). Calculate the greatest common factor of c and 438.
6
Suppose -3*m - 2*s = -78 - 258, 4*m - 3*s = 465. Calculate the highest common divisor of 498 and m.
6
Let k be 3 + 6151 + 9 + -8 + 6. What is the highest common divisor of k and 122?
61
Let c = 177 - 137. Suppose 0*k - 4*k = -560. What is the greatest common factor of k and c?
20
Suppose -31*l - 3*o - 1780 = -35*l, 2*l + 5*o = 916. Calculate the highest common factor of 560 and l.
112
Suppose 4*p + 3*v + 134 - 803 = 0, 0 = 5*p + 2*v - 838. Calculate the greatest common divisor of 348 and p.
12
Let a be (-2)/8 + 31/(992/264). Calculate the highest common factor of 5800 and a.
8
Let m = -16 + 26. Let h = -21 - -26. Suppose -5*f = 3*c - 40, c + 4*f = h*f. Calculate the greatest common divisor of m and c.
5
Let g be 15*(-1)/(-5)*18. Let k(n) = 64*n - n**3 - 36*n - 6 - 32*n + 15*n**2. Let s be k(12). What is the greatest common factor of s and g?
54
Suppose 14*h - 491073 - 141041 = 0. What is the greatest common divisor of h and 277?
277
Let y = 110 - 62. Suppose 3*h - 7*h = -y. Suppose 0 = -7*a + 2*a + 540. What is the highest common divisor of a and h?
12
Let s(t) = -t**2 - 8*t + 1. Let r be s(-8). Let z = r + 55. Suppose -w - 14*g + 12*g = -11, w - 3*g = 1. What is the greatest common factor of w and z?
7
Let s = 204 - 127. Let k = s + 11. Let f(g) = 2*g - 54. Let c be f(31). Calculate the highest common factor of k and c.
8
Let g be (-378)/(-315) + (111072/10)/4 + -3. Calculate the greatest common factor of g and 444.
111
Let y = -95 + 480. Let p be 1/(5/y) - -3. Let m = p - 40. Calculate the greatest common factor of m and 16.
8
Let b(j) = -6*j**2 + 64*j - 5. Let q be b(10). Suppose 3*c + 237 = 5*i, -4*c - 3*i = -0*i + 345. Let l = 91 - c. What is the highest common divisor of l and q?
35
Let x be (-14)/210 - (-83193)/495. Calculate the highest common factor of 20440 and x.
56
Let q be 5/(-1) + -8*3/6. Let a(p) = p**2 + 5*p - 33. Let i be a(q). What is the highest common factor of i and 87?
3
Let q = -2690 - -3015. What is the highest common divisor of 25 and q?
25
Suppose 20*r - 203 = -5*d + 19*r, 3*d = -r + 123. Let y = -78 + 128. Suppose -s = -0*s - y. What is the highest common divisor of s and d?
10
Let f(u) = 11*u + 107. Let l be f(34). Suppose -l + 117 = -7*w. Calculate the greatest common divisor of 455 and w.
13
Let a be (((-15)/55)/(12/(-66)))/((-1)/(-4)). Suppose 4*x + 24 = p, 2*p - 2 = -x + 1. Let i = -3 - x. What is the highest common divisor of i and a?
2
Suppose 4*d = 16*a + 106773 + 58151, 82543 = 2*d + a. What is the highest common divisor of d and 29?
29
Suppose -3*r = r, 0 = -5*h + 5*r + 3920. Suppose 158 = 3*s - u, 93 = -50*s + 51*s - 4*u. Calculate the greatest common divisor of s and h.
49
Let t = -9984 - -10845. What is the greatest common factor of t and 5289?
123
Let x be (-1)/(1/3*(-113)/15029). Calculate the greatest common divisor of 6 and x.
3
Let j(w) = -22*w + 33. Let d be j(-18). Suppose 439 = 3*x + 5*b, -3*b = -0*x + 3*x - d. Calculate the highest common divisor of 69 and x.
69
Let f(o) = -71*o. Let q(n) = -356*n - 1. Let d(y) = -11*f(y) + 2*q(y). Let l be d(2). What is the highest common factor of 340 and l?
68
Let p = -1107 - -2238. Calculate the highest common factor of p and 26.
13
Let y = 435 + -339. Calculate the greatest common factor of y and 876.
12
Let c(j) = 4*j - 7. Let n be c(-6). Let a = 89 - n. Calculate the greatest common factor of a and 48.
24
Suppose 0 = 17*b - 398 + 92. Suppose -b*f + 22*f - 350 = -v, v - 2*f = 320. Calculate the greatest common divisor of 30 and v.
30
Let o be 9/((-27)/(-6))*(1458 + 2). Suppose -u = 4*m - 6*u - o, 2*u - 1442 = -2*m. What is the highest common divisor of 29 and m?
29
Suppose 5*t = -4*n + 397, -108*t - 568 = -5*n - 104*t. Calculate the highest common factor of 8154 and n.
54
Suppose -2*z + 2*g + 45 + 147 = 0, 3*z + 3*g - 282 = 0. Let j be ((-64)/(-3) - -4)*(-3)/(-2). Calculate the greatest common divisor of z and j.
19
Suppose -91*k + 36667 = 20*k - 12839. What is the highest common factor of k and 6?
2
Suppose -2 = -2*r + 2*m + 30, 3*r - m = 44. Let a(g) = 38*g**2 + 10*g - 18. Let c = 119 + -117. Let v be a(c). Calculate the greatest common divisor of r and v.
14
Let c = 502 + -281. Suppose 122*p - 2057 = 6*p - 5*p. What is the highest common divisor of c and p?
17
Let r = -907 - -570. Let k = 83 - r. Calculate the greatest common factor of k and 240.
60
Let i be (11 + -9)/(((-8)/(-1096))/(142/4)). What is the greatest common divisor of i and 71?
71
Suppose -2*n - 73 = -5*l, l = -5*n - 5 - 2. Suppose -16*s = -23*s + 1274. Suppose 0 = -s*y + 180*y + 234. Calculate the greatest common factor of y and l.
13
Let i be ((-52)/4 - 0) + 31. Calculate the highest common divisor of i and 62.
2
Suppose 512*g - 576*g = -10304. Calculate the highest common divisor of g and 364.
7
Suppose -5*h + 0*h + 5 = 0. Let f(k) = 11*k + 72. Let p be f(-8). Let v be ((-4)/(-5))/((-3)/(120/p)). What is the highest common factor of h and v?
1
Let k(h) = 38*h**2 - 15*h - 36. Let p be k(-2). Suppose -2*c - 140 = -4*i, c - p = -4*i - 0*i. What is the highest common divisor of 45 and i?
9
Suppose a = 11*a - 100. Let p be (2/(-10))/((-2)/a). Let o(s) = 8*s**2 + 2*s. Let z be o(p). What is the greatest common factor of z and 40?
10
Let t = 56 - 48. Let n be (-3 + -7)*(-2)/8*t. Calculate the highest common divisor of 40 and n.
20
Let w = -2478 + 2621. Suppose -3*l + 130 = 2*l. What is the highest common divisor of w and l?
13
Suppose 4 = t, 7*r - 2536 = 2*r - 4*t. Let s = r + -499. What is the highest common factor of s and 20?
5
Let w(j) = 172*j - 1413. Let l be w(18). What is the highest common divisor of l and 72?
9
Suppose 3*l - 5937 = -3*d, -l + 1734 = -3*d + 7667. What is the highest common divisor of d and 92?
46
Let w be 62/31 + (1*-48 - 0). Let u = w - -134. Calculate the highest common factor of u and 24.
8
Let z = 298 + -508. Let t = 218 + z. Calculate the greatest common factor of t and 256.
8
Let p be (-111)/(((-1)/356)/((-10)/(-60))). Calculate the highest common factor of p and 148.
74
Let m(y) = y**2 + 12*y - 179. Let s be m(-25). Calculate the highest common divisor of 949 and s.
73
Let f be 9 - (4 - 13 - -4). Suppose 18 = j - f. Suppose j*x = 29*x + 15